t a = 16 + r. Calculate m(a).
10
Let f(y) = -2*y + 3. Suppose 192 + 243 = 87*w. Give f(w).
-7
Let t(d) = -d**3 + 15*d**2 - 14*d - 1. Suppose 186 + 192 = 27*x. Calculate t(x).
-1
Let p(j) = -203*j - 40. Let b(n) = -70*n - 14. Let t(y) = 17*b(y) - 6*p(y). Give t(-3).
-82
Let n be 3*((-32)/12 + 4). Suppose 0 = -l + 3*a + 13, 2 = -4*l - n*a - 10. Let h(q) = 2*q + 4*q + l + q**2 - q + q. Determine h(-6).
1
Let j be (-2 - 5)*(1 - 0). Let k = j - -6. Let z(x) = 2 + 11*x**3 - 3 + x**3 - 2*x - x**2. Determine z(k).
-12
Let h(f) = -f**2 + 3*f + 6. Let a be 1 + 0 - (1 + -3). Suppose 0 = -a*v + 18 - 3. Determine h(v).
-4
Let o(j) = -j**2 + 7. Suppose 2*p = -4, -5*p + 32 = 5*d - 58. Suppose -21*w - d = -17*w. Determine o(w).
-18
Let z = -40 - -42. Let j(p) be the second derivative of 5*p + p**z + 1/6*p**3 + 0 - 1/12*p**4. Determine j(0).
2
Let r(w) = -w**3 - 11*w**2 + 13*w + 17. Let m be r(-12). Let a(h) be the first derivative of 6*h + 0*h**2 - 1/4*h**4 - 2 + 5/3*h**3. Calculate a(m).
6
Suppose 0 = -9*y + 4*y. Suppose y = -h + 5*h. Suppose h*o = o. Let w(v) = v + 3. Calculate w(o).
3
Let w = 1 - 3. Let b(v) = -11*v**2 - 11*v - 7. Let a(m) be the second derivative of -m**4/2 - m**3 - 2*m**2 + 6*m. Let n(j) = 7*a(j) - 4*b(j). Give n(w).
4
Let d(k) = -k**2 - 19*k + 16. Let m be d(-19). Suppose -p = -61 + m. Let h(j) = 19 - 5*j - j**2 + 22 - p. Give h(-3).
2
Let t(g) = -g**2 + 9*g - 3. Let i be 4*14/8*1. What is t(i)?
11
Let u be 18/(-27)*(-102)/4. Let h = u - 23. Let p be h/(-8)*(-5 - -1). Let j(m) = m**3 + 4*m**2 + 2*m + 2. Give j(p).
5
Let l(y) = y**2 - 3*y - 11. Let z be l(-4). Let g(a) = -a + 23. Calculate g(z).
6
Let s(a) = 7*a + 2. Suppose 3*u + 8 = -p - 2, -5*p - 4*u + 5 = 0. Let k(c) = 2 + p - 4 - 4 - 6*c. Let w(r) = -4*k(r) - 3*s(r). Determine w(3).
7
Let l(p) = -2*p**2 - 64*p + 67. Let k be l(-33). Let t(g) = g**3 - 2*g + 1. Calculate t(k).
0
Let o = 17 - 10. Suppose o*p - 3*p + 4 = 0. Let k(s) = 60*s + 59*s - 123*s. Determine k(p).
4
Let z be 2 + ((-4)/(-2) - -17). Let m(v) = 5 + z*v - 4*v**3 - 14*v + 3*v**3 - 5*v**2. Let x be (-2)/((-6)/(-21)) + 1. Give m(x).
-1
Let f(p) = p + 3. Let a(z) = -z**3 - 3*z**2 + 1. Let u be a(-2). Let r be (u/(-6))/((-2)/(-36)). Suppose -r*v + 4*v = -20. Give f(v).
7
Suppose 3*u + 3*r = -90, 158 = -5*u - 0*r + 3*r. Let t = -35 - u. Let m(n) = 3*n + 2. What is m(t)?
-10
Let y(s) = -6*s - 1. Let p = 11 - 9. Let t(x) = 7 - x + 13*x + x**p - 3*x. Let k be t(-8). Give y(k).
5
Let t(h) be the third derivative of 0*h + 1/60*h**5 + 0 - 4/3*h**3 + 0*h**4 + 7*h**2 - 1/120*h**6. Give t(0).
-8
Let a = -9 - -6. Suppose -2 = k - 3*k - 2*v, -4*v - 8 = 0. Let x(w) = 2*w**2 + w**3 + 1 + 1 + 0 - k*w. Calculate x(a).
2
Suppose -15*w + 641 = 776. Let f(p) = p**3 + 11*p**2 + 14*p + 7. Give f(w).
43
Suppose -v - 7 = -5*h, 3*h = 6*h - 4*v + 6. Suppose 0 = -0*z + 3*z. Suppose -h*m + 0*m = z. Let q(f) = f**3 - f**2 + f + 6. Calculate q(m).
6
Suppose -4*a + 0*z - 3 = -3*z, -3*a + 3*z - 6 = 0. Let g(l) = 3*l - 7*l - 2*l + 4 + a*l. Let j be 1*10 + (-301)/43. Calculate g(j).
-5
Let x(y) be the third derivative of 1/60*y**5 + 24*y**2 + 0 + 1/4*y**4 + y**3 + 0*y. Determine x(-4).
-2
Let p(n) = -4*n**3 - 9*n**2 - 4*n + 7. Let j(a) = -5*a**3 - 10*a**2 - 5*a + 8. Let c = -44 - -49. Let i(d) = c*j(d) - 6*p(d). Determine i(3).
4
Let c(s) be the first derivative of 9*s**2 - s - 425. Calculate c(1).
17
Let d(v) = 8*v + 8. Let n(i) = 43*i + 40. Let t(c) = 22*d(c) - 4*n(c). Determine t(-7).
-12
Let n(z) = -z + 19. Suppose 9*o = 16*o - 42. Give n(o).
13
Let o(v) = -v + 1. Let a(n) = -n + 2. Let f(h) = a(h) - 3*o(h). Let w = 15 + -13. Let z be -1*(w + -3 + -4). What is f(z)?
9
Suppose 3*o + 69 = 63. Let r(j) = 18*j + 1. Determine r(o).
-35
Let x(b) = -3*b + 9. Suppose -7*p + 771 = 708. What is x(p)?
-18
Let t(h) = h**2. Suppose 5*c = -2*p - 3, 0 = -2*c + 3*p + 9 + 5. Let z(b) = -b**3 + b**2 + b - 4. Let j(r) = c*z(r) + 5*t(r). What is j(6)?
2
Let k(q) = q + 3. Let p(j) = 2*j + 2. Let u(z) = 3*k(z) - 4*p(z). Let y(x) = 4*x - 7. Let n be y(1). Determine u(n).
16
Let i be (4/(-9))/((-26)/117). Suppose i*o - 9 = 221. Let u(n) = -o*n**2 - n - 1 + 116*n**2 - 3*n. Determine u(3).
-4
Let f(d) = -4*d - 5. Let x be f(-4). Let z(r) = x*r + 2*r - 14*r + 2 - r**2. What is z(-4)?
-10
Let a(o) = -o**2 + 24*o - 44. Let r be a(22). Let w(y) = y**3 + y**2 + 52. What is w(r)?
52
Let l(z) be the third derivative of -4*z**2 + 1/24*z**4 + 1/6*z**3 + 0 + 0*z. Give l(-7).
-6
Let n = 54 + -50. Let j be (225/(-12))/(-15)*1*n. Let c(d) = d**2 - 4*d - 7. Calculate c(j).
-2
Let t(h) = -10*h. Let v(a) be the third derivative of -5*a**4/24 - 21*a**2. Let i(o) = 2*t(o) - 5*v(o). Give i(1).
5
Suppose -2*p + 0*g + g + 75 = 0, 5*p - 205 = -g. Let q = -40 + p. Let h(v) = -v**2 + v - 17. Determine h(q).
-17
Let c be ((-8)/16)/(3/12). Let f be -1*(c + ((-4)/2)/(-1)). Let l(w) = -w**3 - w**2 - w - 4. Determine l(f).
-4
Let r be 70/22 + (-4)/22. Suppose 0*y - y + 4*s + 7 = 0, 0 = 2*y + 5*s - 1. Let t(a) = -2*a - 4*a**y - 3 + 3*a + r*a**3 - 2*a + 4*a**2. Give t(3).
3
Let b(s) = -2*s + 1 - 2 + 4*s**2 + 4 - 2. Let l be b(1). Let h(r) = 5*r - 1. Give h(l).
14
Let i(x) = -x - 2. Suppose -37 = 9*r - 172. Let o(a) = a**3 - 16*a**2 + 16*a - 15. Let s be o(r). Give i(s).
-2
Let w(l) = l**2 + 6*l + 3. Suppose -3*o = -2*k + 53, -3*k + k - 5*o + 93 = 0. Let a = k + -30. Suppose 19 = -a*b + c, -c = 4*b - 0*c + 13. What is w(b)?
-5
Let q(w) = w**2 + 9*w + 11. Suppose 5*v + 5 = 0, 0*j = -j + 2*v + 26. Suppose -2*u + j = 40. Give q(u).
3
Let f(a) be the second derivative of -a**3/6 + 15*a**2/2 + a. Let u = -7036 + 7044. Determine f(u).
7
Suppose -7*x + 3*x - 72 = 0. Let b be -1 + x/(2 + 1). Let t(m) = -m**3 - 7*m**2 - 2*m - 7. Calculate t(b).
7
Let k(f) = f**3 - 15*f**2 + 14*f + 27. Let z be k(14). Let j = z + -31. Let g(y) = -y**3 - 6*y**2 - 3*y + 4. What is g(j)?
-16
Let u(f) be the third derivative of -f**5/60 + f**4/3 - 7*f**3/6 + 2*f**2 - 12*f. Give u(6).
5
Let g(r) be the first derivative of -r**3/3 - 3*r**2/2 + 3*r - 5191. Suppose 0 = -0*u - u + 3. Suppose -3*w - 16 = 5*t, 5*t - 2*w + u*w + 22 = 0. What is g(t)?
-7
Let l be ((-156)/(-117))/(4/(-18)). Let n(a) = a**2 - 3*a - 8. Calculate n(l).
46
Let m(x) = -4*x + 3. Suppose 0*v - 4*v = 0. Let s(k) = -2*k + 2. Let j be s(v). Suppose 4*z = 4*u + 8, -3*z + 0*u - j*u + 6 = 0. What is m(z)?
-5
Let c be (9 + -10)/(36/38 - 1). Let p(h) = -9 + c - 7 - 3*h. What is p(2)?
-3
Let j(m) = -31*m**2 + 16*m - 5. Let x(b) = 7*b**2 - 3*b + 1. Let a(t) = 2*j(t) + 9*x(t). Determine a(-10).
49
Let i(w) = -5*w + 3. Let s(d) = d. Let g(q) = -i(q) - 3*s(q). Let t(l) = -4*l + 7. Let y(j) = 5*g(j) + 2*t(j). Calculate y(4).
7
Let k(l) = -l**3 + 4*l**2 + l - 4. Suppose -4*g - w = -26, 2*g + 3*w = -2*w + 22. Suppose 4*r + 3*t - 4 = g, 8 = 4*r + 4*t. Calculate k(r).
0
Let j(v) = -v**3 - 2*v + 2*v + 5 - 90*v**2 + 85*v**2. Suppose 2*i - 17 = 5*n - 0*i, -2*i + 2 = -2*n. Give j(n).
5
Let c(p) = p. Let n be ((-8)/3)/(12/18). Let t(m) = 5*m + 2. Let o(z) = n*c(z) + t(z). Give o(-5).
-3
Let t(p) = 6*p + 4. Let b be (24/15)/((-8)/(-20)). Let o(k) = k + b - 4. Let x(m) = -4*o(m) + t(m). Give x(-4).
-4
Let k(o) = -o**2 + 10*o + 1. Let h = 837 - 827. Determine k(h).
1
Let k(h) = 34*h**2 + 5*h - 6. Let p(w) = 9*w**2 - w - 1. Let r(u) = 37*u**2 - 5*u - 4. Let s(y) = 9*p(y) - 2*r(y). Let l(f) = -2*k(f) + 11*s(f). What is l(-1)?
9
Let v(s) = s**3 - 5*s**2 + 6*s - 6. Suppose i - 13*i - 840 = 0. Let o = i - -74. Give v(o).
2
Suppose 5*f + 24 = f - 4*q, 3*q = 0. Let j(n) = 2*n + 11. Let x be j(f). Let y(l) = 2*l**2 - 1. What is y(x)?
1
Let a(j) = 2*j + 24. Let d be a(-11). Let s(v) = 0*v**2 + 3*v**d + 6*v**2 - 8*v**2. Give s(-1).
1
Let u be 5/1 - (0/(-2) + 2). Let d(s) = -4*s + 5*s - 12 + s - u*s. Determine d(0).
-12
Let k(w) = -w**2 - 17*w - 18. Let i(j) = -2*j + 1. Let m(f) = -4*i(f) + k(f). Give m(-7).
-8
Let o(k) be the second derivative of k**4/12 + 7*k**3/6 - 3*k**2/2 - k. Let f = -7067 + 7061. What is o(f)?
-9
Let d(u) be the first derivative of 0*u + u**3 - 1/24*u**4 + 1 - 3*u**2. Let c(q) be the second derivative of d(q). What is c(7)?
-1
Let t = -7 + 11. Let i(a) = 5*a**2 - 2*a + 1. Let d(x) = 8*x**2 + 0*x + 2 + 3*x**2 - 3*x. Let m(p) = t*d(p) - 9*i(p). What is m(5)?
4
Let c(a) = 2*a**3 + 